 - 4) + 6 + 3.
-3
What is 0 + -3 + (-3 - -3)?
-3
What is 5 - 1 - 2 - 1 - 6?
-5
What is the value of 1 + 4 + -2 + -1 + -4?
-2
What is -4 + (1 - -2) + -4?
-5
Evaluate -9 - (-14 - -6) - (-5 - 1).
5
Calculate (-1 - 0) + (2 + 5 - 4).
2
What is the value of 3 - (1 - -6) - (-2 + 3)?
-5
Calculate -2 + 10 - 2 - (6 + -3).
3
2 + (-9 - (5 + -6))
-6
What is the value of -1 + -1 - (-7 + 4)?
1
What is 10 - (-14 - -26 - -2)?
-4
What is the value of 3 - (5 + -1) - (3 + 0)?
-4
-9 - (1 + -4 - 1) - -1
-4
-2 + (4 - (5 + -1) - -4)
2
What is the value of (-1 - 6) + (239 - 233)?
-1
What is -4 - ((3 - -1) + (-3 - 8))?
3
What is 2 + 0 + -6 + -63 + 64?
-3
Evaluate (-2 + -2 - -5) + -2 + 2.
1
Calculate (0 - -4) + -26 + 19.
-3
14 - 6 - 5 - (2 - 1)
2
What is -2 - -8 - (-4 - (6 - 10))?
6
Calculate -4 - (-4 - (3 + 1 + -1)).
3
Calculate -1 + 3 + -4 + -1.
-3
(6 - (-3 + 5)) + -4 + 0
0
What is 0 + (7 - 4) + 2?
5
Evaluate -1 + 1 + -7 + (-36 - -44).
1
What is 3 + (-2 - -3 - 4) - -1?
1
Evaluate (4 - (6 + -2)) + -3 + 4.
1
What is the value of 5 - (3 + 7 + -3)?
-2
Evaluate 3 - (-1 - (-3 + 1)).
2
What is the value of 4 + -2 + (0 - 1) + -2?
-1
Calculate 0 - -7 - (-47 + 58).
-4
What is -18 - 0 - -7 - -7?
-4
Evaluate 1 - -4 - (6 + -2).
1
Calculate 1 - (4 - (2 - 3)).
-4
What is the value of 1 + -2 - (10 - 16)?
5
What is the value of -5 - (-1 - 1) - (-4 - -6)?
-5
Evaluate -8 + 11 + 5 + -5.
3
(-3 - (7 - 4)) + 3
-3
Evaluate (2 - 4) + -3 + 3 - -3.
1
What is 8 + -1 - (-10 - -16)?
1
What is the value of -8 + (-1 - (-2 + -1)) + 1?
-5
Calculate -5 + (10 - (-5 + 7)).
3
Evaluate 5 - (7 - (-1 - -5)).
2
0 + 1 - (4 + 8 + -11)
0
What is the value of 4 + 1 - (-14 - -23 - 4)?
0
Calculate 0 - (-2 - -3) - -5.
4
Calculate 2 + 1 - (-52 + 54).
1
What is -4 - (-20 + 14 + 0 + -2)?
4
Evaluate -3 + (3 - 0) - -1.
1
What is (-3 - (2 + -3)) + 7?
5
What is 6 - (3 + (-5 - -1) + 4)?
3
(-2 + 2 - -1) + -4 + 3
0
Evaluate -2 + (-2 - -1) - (1 + 0).
-4
2 - (6 - 2) - -2
0
Evaluate 6 + (1 - (11 + -8 + -2)).
6
What is the value of 10 - (2 + 0) - (54 + -47)?
1
6 - 2 - (10 + -3)
-3
What is (1 - 5) + (2 - (-3 + 3))?
-2
Evaluate 2 + (2 + 2 - 3) - 0.
3
Evaluate (1 - (-3 - -11)) + 3.
-4
Calculate 2 + (-2 + 0 - (0 - 0)).
0
(-7 - -1) + 2 + 1 - -3
0
What is the value of 1 + 3 + (-9 - 4 - -10)?
1
What is 4 + 4 - 8 - 7?
-7
What is the value of (6 - 10 - -5) + 3 + 3?
7
What is the value of 8 + (12 - 25) + 4?
-1
What is -2 + -1 + 2 - (-4 + 2)?
1
1 - -4 - (-46 - -58)
-7
What is -6 - (-10 - -10) - (-1 + 3)?
-8
-8 + 8 + 4 + -1
3
Evaluate -1 - -1 - (10 - 12).
2
What is the value of (6 - 9) + -1 - (0 - 5)?
1
Evaluate 3 + -2 + 3 + 0.
4
Calculate 15 + -12 - (1 - 0).
2
Evaluate 6 + -6 + 2 + (0 - 1).
1
(-24 - (-17 - -5)) + 10
-2
What is 4 + -9 - (-39 + 39)?
-5
Evaluate (-3 - 0) + 25 + -12.
10
Calculate -2 - 3 - (12 + -16) - 7.
-8
Evaluate -8 - (-21 - -8) - 0.
5
What is the value of (2 + -12 - -3) + 2?
-5
(6 - 11 - 1) + -2
-8
(-1 - -1) + (-2 - 1) + -1
-4
What is -57 + 61 + -7 + 0?
-3
Evaluate 10 - (0 - (-1 - (-4 + 5))).
8
Calculate 1 + -1 + 0 + -1 - -1.
0
What is the value of -5 + 2 + (1 - -5) + -11?
-8
What is the value of 3 + -16 + 4 - -10?
1
Evaluate -4 + (5 - -1) + -9 + 4.
-3
Calculate 4 - 1 - 0 - -2.
5
Evaluate 71 - 67 - (10 + -1).
-5
What is the value of -5 + 5 + 2 + -2?
0
What is the value of -1 + 5 + (29 - 34) + 5?
4
Calculate (4 - 7) + 9 + -4.
2
3 + 1 + (-5 - -1)
0
Calculate 2 - 1 - ((13 - 7) + -6).
1
Calculate (6 - 2) + 13 + -10 + -8.
-1
-1 + 9 + -35 + 32
5
What is 3 + -1 + -2 + (-24 - -22)?
-2
Calculate 14 + 0 + -116 + 109.
7
Evaluate (8 - (8 + -11)) + -6.
5
Evaluate 3 + (-1 + -5 - (6 - 7)).
-2
Evaluate -28 - -32 - (0 + 11).
-7
(1 - (-2 - -1)) + -119 + 115
-2
What is the value of -6 + (10 - 5) + -2?
-3
5 - (3 - 11 - (11 + -19))
5
Evaluate 0 - (-9 + 5 + -3).
7
What is the value of 2 + -1 + 6 + (9 - 18)?
-2
What is the value of 12 + -9 - (3 - -2)?
-2
What is the value of 17 + -11 + 2 + -6?
2
Calculate -3 - 7 - (-4 + -2).
-4
What is 10 - (4 + 3 + (-5 - -3))?
5
What is the value of 14 - 10 - (7 + 0 + 0)?
-3
Calculate 0 - -2 - (-7 + -4 - -7).
6
What is the value of (3 - -1) + (1 - 7)?
-2
Evaluate 4 - (-2 + 1) - 1.
4
What is the value of -2 + 3 + (7 - -1) - 4?
5
Evaluate (10 - 4) + -12 + -3 + 7.
-2
What is the value of 3 + (5 - 2) - 10 - -8?
4
Calculate -5 - (-12 + 3) - (4 - 0).
0
Evaluate 7 + (-5 - 1) - (0 + -5).
6
Evaluate 1 + (-3 - (-4 + 1 + 2)).
-1
What is the value of (13 - 5) + (0 - 10)?
-2
What is the value of 2 - (6 + (-5 - 1))?
2
What is -4 + -5 + 2 + 3?
-4
Evaluate -4 - (5 - -6 - 12).
-3
What is the value of 5 - (5 - (-1 + -4)) - -5?
0
Calculate -5 + 2 + -26 + 36.
7
(-1 - 3) + 0 - -4 - -3
3
(-7 - -3) + 1 + -1
-4
(3 - 5) + (3 - 0) + -2
-1
(12 + -1 - 6) + -7
-2
Calculate 9 + (-10 - -6) + 2.
7
(2 - (-4 + 2 + 3)) + -2
-1
-1 + 0 + -7 + 7
-1
Calculate -6 + (14 - 10) + (2 - -1).
1
-2 + -1 - (4 + -13)
6
What is -3 - 1 - (16 - 26) - 2?
4
6 + -3 + 4 + 1 + -5
3
Calculate -1 - (2 + 12 + (33 - 40)).
-8
What is -10 + (11 + -10 - (0 + -1))?
-8
What is the value of -7 + -7 + 10 + 8?
4
What is the value of 5 + 5 - (2 - (2 + -5))?
5
3 + -7 - (4 - 10)
2
What is 2 - -1 - (2 - (-6 - -3))?
-2
-1 - ((0 - -8) + -10)
1
Calculate (-7 - -1) + (-6 - 0 - -8).
-4
What is the value of -4 + -4 + 1 + 2 + 0?
-5
-57 - -51 - (0 + -2) - -7
3
Evaluate -8 + (-2 - -1 - (-62 + 55)).
-2
(5 - (1 + 0)) + -10 + 7
1
Calculate -4 - ((5 - 0) + -11).
2
4 + 0 + (2 - 11) + 4
-1
What is -2 - -5 - (0 - 1) - 7?
-3
What is the value of -3 + 7 + -7 + 4?
1
Calculate 4 + -6 - (-7 + 10).
-5
What is 2 - 4 - (0 + 2 - -1)?
-5
Evaluate -4 - (4 - 9) - 5.
-4
5 - (-1 + 1 - -5)
0
7 - (4 + -1 + 9)
-5
What is 6 - 4 - (24 + -16)?
-6
What is 7 + (-2 - (1 + -2 - -1))?
5
What is (3 - (3 - -7)) + 5?
-2
What is 5 + 2 - (-2 - -11)?
-2
What is 1 + 14 + -5 - 6?
4
What is 5 + 0 + -6 + 4 + -1?
2
(-1 - 0) + (-12 - -13)
0
(-1 - 1 - -2) + (-22 - -23)
1
Calculate (-6 - -3 - (-2 + 5)) + 4.
-2
Calculate (6 - 4) + (2 - -1) + -1.
4
Evaluate 0 + 3 + -5 - (-10 - -9).
-1
What is the value of (0 - (-8 + (1 - -3))) + -9?
-5
What is the value of -7 + (15 - 9) + 9?
8
Calculate 3 + 3 + -5 + -1 + 3.
3
Calculate -12 + (-7 - -28) + -15.
-6
What is 0 - 0 - (1 + 0 + 3)?
-4
What is the value of 3 + (9 + -3 - 5)?
4
Evaluate -1 + (-4 - ((-3 - -8) + -8)).
-2
(1 + 3 + -3 - -1) + 0
2
Calculate 2 - (-7 + 6 + (-2 - -3)).
2
Evaluate (8 - 8) + 6 + -3.
3
What is 5 + (-7 - -5) - 7?
-4
Calculate -1 + 3 + (-9 + 1 - 2).
-8
Calculate 9 - 13 - (-6 - -1) - -3.
4
-2 + 4 + -1 + 1
2
Evaluate 0 + (2 + -6 - -8) + 1.
5
What is -2 + 1 + (-4 - -8) + 1?
4
What is (5 - 5) + -4 - -7?
3
Calculate (12 - 5) + (-11 + 0 - -1).
-3
What is the value of 2 + -4 + -2 + 0?
-4
Evaluate -7 - (-8 + (3 - 3)).
1
5 + 4 + (-10 - -6) - -2
7
(2 - (-3 + 0 + 7)) + 9
7
What is 13 - 1 - ((8 - -15) + -14)?
3
What is the value of 1 + (3 - -1) - (14 - 14)?
5
What is the value of 6 - (-2 + (-9 - -17))?
0
13 + -12 - (-2 + 3 + 6)
-6
Evaluate (1 - (8 + -2)) + 2.
-3
(-29 - -22) + (2 - -1)
-4
What is 2 + 4 + (12 - 13)?
5
Calculate -3 - (3 - (-9 - -15)).
0
5 - (-6 - -11) - 5
-5
What is -6 - -14 - 8 - 2?
-2
Calculate 9 + (-8 - 5 - -9).
5
Calculate -20 + -2 + (3 - -10).
-9
Evaluate (-6 - -1) + (0 - (0 - 1)).
-4
-15 + 13 + (5 - -1)
4
Evaluate 8 + (-5 - -3) - (9 + -5).
2
What is the value of 0 - (6 - 2 - (-3 + 3))?
-4
3 + 0 + -16 + 15
2
Evaluate -10 - (35 + -40 + (2 - 0)).
-7
Evaluate 0 - ((1 - -2) + -1) - 2.
-4
3 + (-3 - (11 + -4)) + 2
-5
Evaluate 10 - (1 - -8) - 9.
-8
Evaluate 2 + 4 + 0 - 6 - 4.
-4
What is the value of 0 + (-5 + 4 - (1 - -3))?
-5
-1 - -7 - (19 + -16)
3
What is the value of 1 - 1 - (-4 - (4 - 5))?
3
13 - 0 - (-26 - -32)
7
What is 11 + -10 + 5 + 1?
7
Evaluate -1 + (3 - (3 - (-2 + 2))).
-1
4 + -5 + -1 + 4
2
Evaluate -1 - -11 - (32 - 31).
9
What is -1 + 8 + -10 + 0?
-3
What is the value of 3 + (2 + -4 - 0) + 2?
3
Evaluate 12 + (-8 - -2) + -11.
-5
What is the value of (2 - -3) + 10 + -3 + -6?
6
What is (1 - (4 - (4 - 3))) + 7?
5
-2 - (1 - (1 - 1))
-3
(-1 - 9 - -6) + 1 + 6
3
What is 2 + 4 - (-30 + 30)?
6
3 + -3 + 3 - 5
-2
What is the value of 1 - -4 - 1 - 13?
-9
What is the value of 7 - 10 - (3 + -11 - -2)?
3
What is the value of 1 - (5 - 5 - -6)?
-5
What is the value of -3 + 1 + 0 + (-22 - -28)?
4
What is 4 + -1 - (-47 + 48)?
2
1 + -3 + (9 - 3)
4
(10 + -5 + -2 - 2) + 2
3
Calculate 7